
Calculate the remainder when 1160264 is divided by 1091.
531
Calculate the remainder when 106711 is divided by 35444.
379
What is the remainder when 8923298 is divided by 2230818?
26
What is the remainder when 758683 is divided by 84292?
55
What is the remainder when 130414 is divided by 57?
55
What is the remainder when 982022 is divided by 416?
262
Calculate the remainder when 62930671 is divided by 3139.
3138
Calculate the remainder when 2672299 is divided by 205561.
6
What is the remainder when 415081 is divided by 138042?
955
What is the remainder when 69749 is divided by 114?
95
What is the remainder when 3366327 is divided by 7?
6
What is the remainder when 4210775 is divided by 233?
232
Calculate the remainder when 811829 is divided by 1090.
869
What is the remainder when 8541531 is divided by 1043?
404
What is the remainder when 406748 is divided by 28?
20
Calculate the remainder when 216228 is divided by 2100.
2028
What is the remainder when 6825747 is divided by 57?
54
What is the remainder when 237227 is divided by 9?
5
Calculate the remainder when 5124820 is divided by 763.
512
What is the remainder when 1972 is divided by 882?
208
Calculate the remainder when 41885102 is divided by 1616.
1614
What is the remainder when 41070271 is divided by 64?
63
Calculate the remainder when 116990 is divided by 38755.
725
What is the remainder when 491688 is divided by 3489?
3228
Calculate the remainder when 77056320 is divided by 25685432.
24
Calculate the remainder when 167514 is divided by 55057.
2343
What is the remainder when 1800023 is divided by 3666?
17
Calculate the remainder when 2157725 is divided by 4701.
4667
Calculate the remainder when 2454724 is divided by 175332.
76
What is the remainder when 16282053 is divided by 1012?
997
What is the remainder when 1111927 is divided by 921?
280
Calculate the remainder when 521028 is divided by 22651.
55
What is the remainder when 4827229 is divided by 74265?
4
What is the remainder when 364242 is divided by 365?
337
Calculate the remainder when 1921817 is divided by 278.
3
Calculate the remainder when 1293484 is divided by 27517.
185
Calculate the remainder when 25614322 is divided by 566.
558
What is the remainder when 184678 is divided by 23084?
6
Calculate the remainder when 35484702 is divided by 151.
4
What is the remainder when 218168964 is divided by 217951?
13
What is the remainder when 604325460 is divided by 67?
66
Calculate the remainder when 179932193 is divided by 15367.
15357
What is the remainder when 19768149 is divided by 25?
24
What is the remainder when 16040 is divided by 3010?
990
What is the remainder when 609705 is divided by 67745?
0
What is the remainder when 8291425 is divided by 1094?
1093
Calculate the remainder when 499954 is divided by 27767.
148
What is the remainder when 222027 is divided by 1000?
27
What is the remainder when 31741233 is divided by 125?
108
Calculate the remainder when 622868 is divided by 191.
17
Calculate the remainder when 1712541 is divided by 570127.
2160
What is the remainder when 196814448 is divided by 805?
803
Calculate the remainder when 2997 is divided by 2471.
526
Calculate the remainder when 24770348 is divided by 353862.
8
Calculate the remainder when 21081046 is divided by 1240059.
43
Calculate the remainder when 28583 is divided by 157.
9
What is the remainder when 70623 is divided by 2747?
1948
Calculate the remainder when 373946 is divided by 2968.
2946
What is the remainder when 82263549 is divided by 196?
193
Calculate the remainder when 122792 is divided by 4518.
806
Calculate the remainder when 306051 is divided by 101943.
222
What is the remainder when 40319 is divided by 2140?
1799
What is the remainder when 210944542 is divided by 36?
22
Calculate the remainder when 1243513 is divided by 7358.
11
What is the remainder when 1584086 is divided by 45?
41
Calculate the remainder when 162729 is divided by 53632.
1833
Calculate the remainder when 44525 is divided by 3577.
1601
What is the remainder when 1777058 is divided by 487?
482
What is the remainder when 4347890 is divided by 29780?
10
What is the remainder when 71608 is divided by 90?
58
Calculate the remainder when 510406 is divided by 4359.
403
Calculate the remainder when 1665457682 is divided by 12205.
12202
What is the remainder when 14157503 is divided by 11614?
37
What is the remainder when 115601 is divided by 5472?
689
What is the remainder when 4727271 is divided by 368?
311
What is the remainder when 399056295 is divided by 4775?
4770
Calculate the remainder when 3243551 is divided by 624.
623
Calculate the remainder when 2037035 is divided by 1118.
39
Calculate the remainder when 12840394 is divided by 139.
130
Calculate the remainder when 1005642 is divided by 131.
86
Calculate the remainder when 24498254 is divided by 54.
20
What is the remainder when 384775 is divided by 192365?
45
What is the remainder when 636330 is divided by 6691?
685
Calculate the remainder when 255102 is divided by 21175.
1002
Calculate the remainder when 49166 is divided by 23969.
1228
What is the remainder when 29411235 is divided by 2673746?
29
What is the remainder when 204201455 is divided by 94?
85
What is the remainder when 676490 is divided by 1538?
1308
Calculate the remainder when 52139 is divided by 602.
367
Calculate the remainder when 54183759 is divided by 2462898.
3
Calculate the remainder when 4638138 is divided by 59.
30
Calculate the remainder when 5769866 is divided by 6158.
5978
What is the remainder when 434300 is divided by 58?
54
Calculate the remainder when 5369752 is divided by 124877.
41
What is the remainder when 1270888541 is divided by 77?
76
What is the remainder when 411215 is divided by 137044?
83
Calculate the remainder when 42617667 is divided by 8523523.
52
What is the remainder when 1235446 is divided by 1233613?
1833
Calculate the remainder when 269842 is divided by 49.
48
What is the remainder when 1887691 is divided by 134835?
1
Calculate the remainder when 27770531 is divided by 70.
61
Calculate the remainder when 8849694 is divided by 3126.
3114
What is the remainder when 235491 is divided by 589?
480
Calculate the remainder when 418871 is divided by 652.
287
What is the remainder when 32347298 is divided by 16173626?
46
What is the remainder when 922961 is divided by 14?
11
Calculate the remainder when 4310 is divided by 623.
572
What is the remainder when 2308900 is divided by 42?
34
What is the remainder when 17130344 is divided by 18?
14
Calculate the remainder when 448462 is divided by 370.
22
What is the remainder when 288319 is divided by 1001?
31
What is the remainder when 3748283 is divided by 1874132?
19
Calculate the remainder when 12978084 is divided by 248.
244
What is the remainder when 18071948 is divided by 276?
20
Calculate the remainder when 7274678 is divided by 280.
278
What is the remainder when 370065278 is divided by 9880?
9878
Calculate the remainder when 416362646 is divided by 110.
106
Calculate the remainder when 104856563 is divided by 1381.
1376
What is the remainder when 461841 is divided by 229630?
2581
What is the remainder when 103168 is divided by 25761?
124
What is the remainder when 48534 is divided by 2092?
418
What is the remainder when 873818 is divided by 34?
18
Calculate the remainder when 117417 is divided by 11739.
27
What is the remainder when 1396582 is divided by 1329?
1132
Calculate the remainder when 13262394 is divided by 6631133.
128
Calculate the remainder when 7329566 is divided by 1221593.
8
What is the remainder when 1059243 is divided by 30?
3
What is the remainder when 63651 is divided by 5161?
1719
Calculate the remainder when 7938767 is divided by 419.
393
What is the remainder when 18210473 is divided by 342?
341
What is the remainder when 64610 is divided by 2937?
2933
Calculate the remainder when 1065283 is divided by 160.
3
What is the remainder when 91718 is divided by 22921?
34
Calculate the remainder when 26859914 is divided by 4476648.
26
Calculate the remainder when 381763 is divided by 20090.
53
Calculate the remainder when 19275202 is divided by 664.
610
Calculate the remainder when 6218940 is divided by 2814.
0
What is the remainder when 15172036 is divided by 65